mmon factor of 1081 and 644?
23
Calculate the greatest common divisor of 99 and 11.
11
Calculate the greatest common factor of 14 and 2.
2
Calculate the highest common factor of 26 and 16913.
13
What is the highest common factor of 44415 and 70?
35
Calculate the highest common divisor of 369 and 410.
41
Calculate the highest common divisor of 1260 and 2898.
126
What is the greatest common factor of 70 and 56?
14
What is the highest common divisor of 246 and 6?
6
What is the highest common divisor of 10 and 270?
10
What is the greatest common divisor of 10880 and 170?
170
Calculate the highest common divisor of 1886 and 82.
82
Calculate the greatest common divisor of 480 and 216.
24
Calculate the highest common divisor of 1776 and 111.
111
Calculate the greatest common factor of 5 and 525.
5
What is the greatest common divisor of 77 and 88?
11
What is the greatest common divisor of 2 and 46?
2
What is the highest common divisor of 938 and 134?
134
Calculate the greatest common divisor of 184 and 128.
8
Calculate the highest common divisor of 64 and 2464.
32
Calculate the greatest common factor of 18 and 4878.
18
What is the highest common factor of 767 and 59?
59
Calculate the highest common divisor of 48 and 212.
4
Calculate the greatest common divisor of 23 and 5221.
23
What is the highest common divisor of 29 and 8381?
29
Calculate the greatest common factor of 21 and 483.
21
What is the highest common factor of 19 and 3287?
19
Calculate the highest common divisor of 4008 and 24.
24
Calculate the greatest common divisor of 1037 and 68.
17
What is the highest common factor of 221 and 68?
17
Calculate the greatest common divisor of 162 and 864.
54
What is the greatest common divisor of 57 and 247?
19
What is the highest common divisor of 84 and 264?
12
Calculate the highest common divisor of 550 and 638.
22
Calculate the highest common factor of 129 and 5934.
129
Calculate the greatest common factor of 205 and 22345.
205
Calculate the highest common factor of 15 and 1185.
15
What is the highest common factor of 289 and 1?
1
Calculate the highest common factor of 3358 and 18.
2
What is the highest common factor of 17 and 3247?
17
What is the greatest common divisor of 924 and 12?
12
What is the highest common factor of 112 and 252?
28
What is the highest common factor of 266 and 56?
14
Calculate the highest common divisor of 14 and 70.
14
What is the highest common divisor of 46 and 667?
23
Calculate the highest common factor of 484 and 88.
44
Calculate the highest common factor of 59 and 118.
59
Calculate the highest common factor of 35 and 105.
35
What is the greatest common divisor of 24 and 40?
8
What is the highest common factor of 1349 and 266?
19
What is the highest common divisor of 704 and 792?
88
What is the greatest common factor of 2637 and 27?
9
What is the highest common divisor of 221 and 17?
17
What is the highest common divisor of 2345 and 210?
35
Calculate the highest common divisor of 893 and 76.
19
Calculate the highest common divisor of 160 and 1152.
32
What is the highest common divisor of 14 and 6706?
14
Calculate the highest common divisor of 772 and 52.
4
What is the highest common divisor of 1189 and 58?
29
Calculate the greatest common divisor of 13888 and 280.
56
Calculate the highest common divisor of 3509 and 121.
121
Calculate the greatest common factor of 116 and 52.
4
What is the greatest common factor of 255 and 1479?
51
Calculate the greatest common factor of 27 and 36.
9
What is the highest common divisor of 5 and 2?
1
What is the highest common divisor of 184 and 138?
46
Calculate the greatest common factor of 943 and 69.
23
What is the highest common factor of 13 and 221?
13
Calculate the highest common divisor of 69 and 1357.
23
Calculate the highest common factor of 120 and 330.
30
Calculate the greatest common divisor of 1568 and 1764.
196
Calculate the highest common factor of 42 and 1218.
42
Calculate the highest common factor of 6405 and 140.
35
Calculate the highest common divisor of 94 and 235.
47
What is the highest common divisor of 16640 and 65?
65
What is the highest common divisor of 19 and 17708?
19
What is the highest common factor of 3688 and 8?
8
Calculate the greatest common divisor of 624 and 780.
156
What is the highest common factor of 6 and 632?
2
Calculate the greatest common factor of 11 and 979.
11
Calculate the greatest common divisor of 24 and 6708.
12
What is the greatest common divisor of 2590 and 1665?
185
Calculate the greatest common divisor of 969 and 102.
51
What is the greatest common divisor of 297 and 11?
11
Calculate the greatest common factor of 182 and 4550.
182
Calculate the highest common divisor of 19 and 931.
19
Calculate the greatest common divisor of 13 and 91.
13
Calculate the greatest common divisor of 646 and 38.
38
Calculate the greatest common factor of 1364 and 737.
11
What is the greatest common divisor of 3036 and 264?
132
Calculate the greatest common factor of 136 and 464.
8
What is the highest common divisor of 25 and 330?
5
What is the greatest common divisor of 13 and 57473?
13
Calculate the greatest common divisor of 186 and 18.
6
Calculate the highest common divisor of 10208 and 319.
319
Calculate the highest common factor of 148 and 8.
4
Calculate the greatest common factor of 1260 and 70.
70
Calculate the highest common factor of 266 and 95.
19
What is the greatest common divisor of 35662 and 44?
22
What is the highest common divisor of 14 and 758?
2
Calculate the greatest common factor of 592 and 148.
148
What is the highest common factor of 740 and 60?
20
What is the greatest common divisor of 104 and 548?
4
What is the highest common factor of 79 and 553?
79
What is the highest common factor of 29 and 12151?
29
Calculate the greatest common factor of 3938 and 44.
22
What is the greatest common divisor of 10 and 1360?
10
What is the greatest common divisor of 684 and 972?
36
What is the greatest common divisor of 105 and 35?
35
What is the greatest common factor of 83 and 17?
1
Calculate the highest common factor of 1995 and 105.
105
What is the highest common divisor of 12 and 3592?
4
What is the highest common divisor of 722 and 4?
2
What is the highest common divisor of 48 and 20412?
12
Calculate the greatest common divisor of 24 and 656.
8
What is the highest common divisor of 28 and 266?
14
Calculate the highest common divisor of 5010 and 240.
30
Calculate the highest common factor of 147 and 3150.
21
What is the highest common factor of 468 and 36?
36
Calculate the greatest common factor of 306 and 238.
34
What is the highest common factor of 5 and 145?
5
What is the greatest common divisor of 12 and 460?
4
What is the highest common factor of 2 and 34?
2
Calculate the highest common divisor of 1017 and 27.
9
What is the greatest common divisor of 101 and 1717?
101
What is the highest common factor of 48 and 1452?
12
What is the highest common divisor of 9285 and 30?
15
What is the highest common divisor of 108 and 8532?
108
What is the greatest common divisor of 15 and 9?
3
Calculate the highest common factor of 60 and 945.
15
What is the highest common divisor of 53 and 20617?
53
Calculate the highest common factor of 14 and 322.
14
Calculate the highest common divisor of 19 and 19.
19
What is the highest common divisor of 1007 and 159?
53
Calculate the greatest common factor of 105 and 570.
15
Calculate the greatest common divisor of 9196 and 76.
76
What is the greatest common divisor of 242 and 44?
22
Calculate the greatest common factor of 4 and 256.
4
What is the highest common divisor of 38 and 912?
38
Calculate the highest common divisor of 15 and 160.
5
What is the highest common factor of 816 and 867?
51
Calculate the highest common factor of 119 and 217.
7
Calculate the highest common divisor of 768 and 120.
24
What is the greatest common factor of 141 and 3?
3
Calculate the highest common divisor of 85 and 629.
17
What is the greatest common factor of 165 and 132?
33
Calculate the greatest common factor of 174 and 3567.
87
Calculate the highest common divisor of 126 and 18.
18
Calculate the highest common factor of 36 and 10.
2
Calculate the greatest common factor of 24 and 648.
24
Calculate the highest common divisor of